{"id":785,"date":"2024-06-19T21:33:50","date_gmt":"2024-06-19T21:33:50","guid":{"rendered":"https:\/\/jmnautica.com\/?page_id=785"},"modified":"2026-04-28T14:20:51","modified_gmt":"2026-04-28T14:20:51","slug":"contacto","status":"publish","type":"page","link":"https:\/\/jmnautica.com\/index.php\/contacto\/","title":{"rendered":""},"content":{"rendered":"\n<figure class=\"wp-block-image aligncenter size-full\"><img loading=\"lazy\" decoding=\"async\" width=\"240\" height=\"240\" src=\"https:\/\/jmnautica.com\/wp-content\/uploads\/2024\/06\/cropped-cropped-cropped-Diseno-sin-titulo-14.png\" alt=\"\" class=\"wp-image-748\" srcset=\"https:\/\/jmnautica.com\/wp-content\/uploads\/2024\/06\/cropped-cropped-cropped-Diseno-sin-titulo-14.png 240w, https:\/\/jmnautica.com\/wp-content\/uploads\/2024\/06\/cropped-cropped-cropped-Diseno-sin-titulo-14-150x150.png 150w\" sizes=\"auto, (max-width: 240px) 100vw, 240px\" \/><\/figure>\n\n\n\n<h1 class=\"wp-block-heading has-text-align-center\"><strong><em>Contacto<\/em><\/strong><\/h1>\n\n\n\n<p class=\"has-text-align-center\">Planifica tu aventura con JM N\u00e1utica y d\u00e9janos ser tu gu\u00eda en el Mediterr\u00e1neo:<\/p>\n\n\n\n<p class=\"has-text-align-center\">Plan your adventure with us, we speak english:<\/p>\n\n\n\n<p class=\"has-text-align-center\"><strong>contact@jmnautica.com \/ +34 <\/strong>617124273<\/p>\n","protected":false},"excerpt":{"rendered":"<p>Contacto Planifica tu aventura con JM N\u00e1utica y d\u00e9janos ser tu gu\u00eda en el Mediterr\u00e1neo: Plan your adventure with us, we speak english: contact@jmnautica.com \/ +34 617124273<\/p>\n","protected":false},"author":3,"featured_media":0,"parent":0,"menu_order":0,"comment_status":"closed","ping_status":"closed","template":"","meta":{"_monsterinsights_skip_tracking":false,"_monsterinsights_sitenote_active":false,"_monsterinsights_sitenote_note":"","_monsterinsights_sitenote_category":0,"footnotes":""},"class_list":["post-785","page","type-page","status-publish","hentry"],"aioseo_notices":[],"_links":{"self":[{"href":"https:\/\/jmnautica.com\/index.php\/wp-json\/wp\/v2\/pages\/785","targetHints":{"allow":["GET"]}}],"collection":[{"href":"https:\/\/jmnautica.com\/index.php\/wp-json\/wp\/v2\/pages"}],"about":[{"href":"https:\/\/jmnautica.com\/index.php\/wp-json\/wp\/v2\/types\/page"}],"author":[{"embeddable":true,"href":"https:\/\/jmnautica.com\/index.php\/wp-json\/wp\/v2\/users\/3"}],"replies":[{"embeddable":true,"href":"https:\/\/jmnautica.com\/index.php\/wp-json\/wp\/v2\/comments?post=785"}],"version-history":[{"count":10,"href":"https:\/\/jmnautica.com\/index.php\/wp-json\/wp\/v2\/pages\/785\/revisions"}],"predecessor-version":[{"id":1571,"href":"https:\/\/jmnautica.com\/index.php\/wp-json\/wp\/v2\/pages\/785\/revisions\/1571"}],"wp:attachment":[{"href":"https:\/\/jmnautica.com\/index.php\/wp-json\/wp\/v2\/media?parent=785"}],"curies":[{"name":"wp","href":"https:\/\/api.w.org\/{rel}","templated":true}]}}